at are the prime factors of (-5)/(d/(-4)) + (-25580)/(-70)?
2, 3, 61
Let z = -24 + 32. Suppose 0 = z*j - 8426 + 1458. What are the prime factors of j?
13, 67
Suppose -5*h = 2*m - 4*m + 15, 3*h - 17 = -4*m. Let q = m + 222. List the prime factors of q.
227
Suppose m + 3*m + 133 = b, 3*m = -4*b - 114. Let x = m + 29. What are the prime factors of 925/(-10)*((-6)/x - 2)?
2, 37
Suppose 0 = -g + w + 70420, -20*w = g - 16*w - 70410. List the prime factors of g.
2, 137, 257
Let h(u) = 63*u + 13. Let n = -292 - -300. List the prime factors of h(n).
11, 47
Suppose 4*f + 28 = 2*f. Let y = -14 - f. Suppose y*s = 3*s - 165. List the prime factors of s.
5, 11
Suppose -4*k + 8572 = -6*k + 3*u, 17144 = -4*k + 3*u. What are the prime factors of (-4)/(-16) - k/8?
2, 67
Let a = 61 + 112. Let m(t) = -5*t + 7. Let q be m(7). What are the prime factors of a + 0 - 7/(q/12)?
2, 11
What are the prime factors of 19957*5/35 - -12?
7, 409
Let g(n) be the first derivative of 4*n**3/3 + 11*n**2/2 + 7*n + 2. Let b(m) be the first derivative of g(m). List the prime factors of b(4).
43
Let x = -63 - -60. Let c(t) = -10*t + 9. Let g be c(x). Suppose -5*z + g = -4*z. What are the prime factors of z?
3, 13
Let q(d) = -d**3 + 14*d**2 + 20*d + 11. Let l = 83 + -31. Let x = l - 37. What are the prime factors of q(x)?
2, 43
Suppose -4*b = b + 30. Let h be 1 + -1 - -2*(-9)/b. Let l(f) = 5*f**2 + 2. List the prime factors of l(h).
47
Let g(z) = -z**3 - 17*z**2 - 17*z - 34. Suppose -11*x + 12*x = -18. Let c be g(x). Suppose a - 5*f = 154, 2*f + 151 - c = -3*a. What are the prime factors of a?
149
Let v(f) = 337*f + 93. What are the prime factors of v(18)?
3, 2053
Let r = 12271 + -2518. What are the prime factors of r?
3, 3251
Let p = -30 + 157. Let q = 138 - p. List the prime factors of q.
11
Let m(q) = -8*q - 2*q - 6 + 3 + 23. Suppose -3*t + 4*g + 4 = 35, 2*g + 16 = -2*t. What are the prime factors of m(t)?
2, 5, 11
Let n(d) = -2*d**3 - 184*d**2 + 82*d + 238. What are the prime factors of n(-95)?
2, 23, 1013
Let v(c) = c**3 - 5*c**2 - 8*c + 4. Let n be v(6). Let u be 12/n*1146/9. Let y = 329 + u. List the prime factors of y.
2, 3, 23
Suppose 0 = -3*z + 4*z - 2. Suppose -z*c - g + 25 = 3*c, 20 = 4*c + g. Suppose c*l = 3*l + 10. List the prime factors of l.
5
Suppose -4*j = -20, -2 = 2*m - 5*m + 5*j. Suppose -r + 4*r = m. Suppose -r*l = -4*x - 245, -x = 2*l - 2*x - 165. What are the prime factors of l?
83
Let c be 11/((-11)/(-956)) + -5. Suppose -104*h = -101*h - c. Suppose 0 = 8*f - 435 - h. What are the prime factors of f?
2, 47
Suppose -6*h + 2*l - 202 = -2*h, 0 = 3*h + 4*l + 157. List the prime factors of (-10)/(-85) - (-3)/h*-5438.
2, 5
Let l(r) = 3*r**2 + 19*r. Let v be l(-3). List the prime factors of (0 + -4 - v)*88/4.
2, 11, 13
Suppose 1 = -3*g - 11, h - 630 = -3*g. Let s = h - 617. List the prime factors of s.
5
Let c be -552*(4/10 - (-92)/(-30)). Let f = c + -815. Suppose -z + 10*z - f = 0. List the prime factors of z.
73
Suppose 45*a - 535161 - 942999 = 0. What are the prime factors of a?
2, 2053
Suppose -4*t + z + 18 = -z, 3*t - 5*z - 17 = 0. What are the prime factors of (t*(-17)/14)/((-6)/42)?
2, 17
Let u be 0/(((-8)/(-32))/((-1)/8)). Let t(s) = s + 7. Let f be t(-4). Suppose f*r - r - 4 = u, 3*r + 439 = 5*w. What are the prime factors of w?
89
Let b(t) = t**3 - t. Let o be b(1). Suppose -2*x + 5*d - 40 = 0, -4*x - 5 - 103 = -3*d. What are the prime factors of (-20)/(-6)*(o - 1188/x)?
2, 3, 11
Let a be (-34*(-6)/(-15))/((-16)/40). Let k = a - 31. Suppose -k*g = 2*i - 92, -i + 5*g + 76 = i. List the prime factors of i.
43
Let t = 113 - 81. Let m = t - 30. Suppose -m*u = -0*u + 4*r - 38, -4*u = 2*r - 70. List the prime factors of u.
17
Suppose 4*c - 60062 = -2*o, -21*c + 75095 = -16*c - o. List the prime factors of c.
2, 3, 2503
Let h = -11 - -5. What are the prime factors of (h/(-10))/((-2)/(-1030))?
3, 103
Suppose 0 = 5*a + 2*l - 1993, -5*a + 5*l = -2*a - 1171. Let w = a + 65. What are the prime factors of w?
2, 3, 7, 11
Let j = -52062 - -110410. What are the prime factors of j?
2, 29, 503
Let q(x) = -17*x**3 + 31*x**2 + 197*x + 11. What are the prime factors of q(-9)?
2, 6571
Suppose -321069 - 2107214 + 228533 = -175*l. List the prime factors of l.
2, 3, 5, 419
Suppose -y - t - 54 = 0, y + 154 = -2*y + t. List the prime factors of 12/(-9) - y*(-618)/(-18).
2, 223
Let q(g) = -7*g**3 - 2*g**2 - 3*g + 9. Let t be q(-9). Suppose 101*y + t = 110*y. List the prime factors of y.
7, 79
Let q = 49 + 62. Suppose -b + 4*i = -17, -38 = b + 4*i - 87. Suppose 0 = -3*z - d + 301 - b, q = z - 4*d. List the prime factors of z.
7, 13
List the prime factors of (-2817)/((-707)/49 - -14).
3, 7, 313
Let l = 84 - 91. Suppose -o - 3*w = -0*o - 58, -2*o + 115 = 5*w. Let s = l + o. What are the prime factors of s?
2, 3
Suppose 3*g - 975 = -4*o, 0 = 3*o - 10*g + 13*g - 735. Let w = o - 171. List the prime factors of w.
3, 23
Let x = 7556 + -2512. List the prime factors of x.
2, 13, 97
Suppose -5*d + 48147 = 5*v - 46418, 0 = -v - 5*d + 18885. List the prime factors of v.
2, 5, 11, 43
Suppose -2534*p + 2549*p - 70530 = 0. What are the prime factors of p?
2, 2351
Let s = 241 + -241. Suppose -11*j - 8 + 140 = s. List the prime factors of j.
2, 3
Let m(k) = -1369*k**3 + 4*k**2 - 9*k - 30. List the prime factors of m(-2).
2, 3, 11, 83
Let u = 22 + -16. Let f be (-15)/(-10)*(-236)/u. Let b = -5 - f. What are the prime factors of b?
2, 3
List the prime factors of (-48)/(-44) - 5242580/(-220).
23831
Let n(c) be the first derivative of 31*c**2/2 + 96*c - 64. List the prime factors of n(40).
2, 167
Let z be (-2)/8 + 78/24. Let k be (-27)/z*2/(-6). Suppose 0 = -k*i + 42 + 114. List the prime factors of i.
2, 13
Suppose -12*h + 16 + 44 = 0. Suppose h*u - 2149 = -5*o + 3*u, -4*o + 4*u = -1736. What are the prime factors of o?
431
Suppose -2*h + 3541 = -h - 2737. What are the prime factors of h?
2, 43, 73
Let k(v) = v**3 + v**2 - 5*v + 6. Let w be k(2). Let z = -37 + 40. Suppose 219 = w*d + z. List the prime factors of d.
3
Suppose 3*d + 116600 = 28*d. Suppose -43*p + d = -32*p. List the prime factors of p.
2, 53
What are the prime factors of ((6662750/203)/(-25))/(4/(-112))?
2, 5, 919
Suppose 3*q - o - 23 = -0*o, 0 = q - 2*o - 16. Suppose -62*s + 60*s + q = 0. Suppose 2*w - 465 = 2*c - 155, -s*c = -w + 165. List the prime factors of w.
2, 3, 5
What are the prime factors of 7046/10 + (-3)/(-120) + (-105)/(-280)?
3, 5, 47
Suppose 60 = -5*k - 0*k. Let h(t) = -354*t**2 + 20 + 8*t + 356*t**2 + 25. List the prime factors of h(k).
3, 79
Suppose 51 - 42 = 3*n. Suppose 838 = n*r - 251. What are the prime factors of r?
3, 11
Let p = -204 - -216. Suppose p*w - 5581 = -1513. What are the prime factors of w?
3, 113
Suppose -7*x = -3*x - 5*h - 27069, -5*x + 33810 = -h. List the prime factors of x.
6761
Let s(o) = o + 11. Let u be -7 + 1/(2/(-4)). Let p be s(u). Suppose -9 = -5*y + m + 184, 2*y - p*m = 74. List the prime factors of y.
3, 13
Suppose -57*f - 241480 + 2020621 = 0. What are the prime factors of f?
7, 13
List the prime factors of 4*25/(-20) - -9327 - 9.
67, 139
Suppose 0 = 5*x - m - 4 - 117, m = 4*x - 97. Let v(d) = d**3 - 25*d**2 + 26*d - 47. Let g be v(x). What are the prime factors of g/2 - (-5 + 1325/(-10))?
2, 3, 23
Let m = 214752 + -143779. What are the prime factors of m?
7, 10139
Let f(x) = x**3 - x**2 - 3*x + 6. Let c be (((-1)/2)/(7/224))/(-1). Suppose -c = -4*t + 3*z - 5*z, -t = -3*z - 4. What are the prime factors of f(t)?
2, 3, 7
Suppose 32*t - 391642 = -10*t + 7316. List the prime factors of t.
7, 23, 59
Suppose -y + 5 = 2. Suppose 996 = y*v + f, 0 = v + 6*f - f - 346. List the prime factors of v.
331
Suppose 9*v - 7*v = -14. List the prime factors of 3*v/(-7) - (1 - 29).
31
Let l(m) = 6*m**2 + 10*m - 15. Let d be l(-8). Suppose -4*h + 7 = -d. Let a = h + 17. What are the prime factors of a?
7, 13
Let l(j) = j**3 + 27*j**2 - 63*j - 145. Let v be l(-29). Suppose v = -2*u + 2*o + 1030, -6*u + 3*o + 505 = -5*u. What are the prime factors of u?
2, 5, 13
Let k = 510 - 516. List the prime factors of 2/(-32)*k - (-23214)/48.
2, 11
Let f = 17460 + 1681. What are the prime factors of f?
19141
Let c = -38750 + 43243. What are the prime factors of c?
4493
Let n = 27341 - 17942. What are the prime factors 